{"id":51,"date":"2014-02-02T16:20:08","date_gmt":"2014-02-02T15:20:08","guid":{"rendered":"http:\/\/photoclublge.fr\/WP\/?page_id=51"},"modified":"2025-01-31T18:53:02","modified_gmt":"2025-01-31T17:53:02","slug":"mentions-legales","status":"publish","type":"page","link":"https:\/\/photoclubibmca.fr\/WP\/mentions-legales\/","title":{"rendered":"Mentions l\u00e9gales"},"content":{"rendered":"<div style=\"text-align: center;\">\n<p style=\"text-align: justify;\"><strong>Ce site vous est propos\u00e9 par <\/strong><strong>le Photo Club IBM C\u00f4te d&rsquo;Azur<\/strong><\/p>\n<p style=\"text-align: justify;\"><strong>R\u00e9alisation technique du site :<br \/>\n<\/strong>Pascal Thirion \u00e0 partir du logiciel libre WORDPRESS<br \/>\ncontact : <a href=\"mailto:webmaster@photoclubibmca.fr\">webmaster@photoclubibmca.fr<\/a><\/p>\n<\/div>\n<div style=\"text-align: justify;\"><strong>Directeur de&nbsp;publication :<\/strong><\/div>\n<div style=\"text-align: justify;\"><strong><br \/>\n<\/strong>Nicolas Foy\u00e9<br \/>\ncontact : <a href=\"mailto:president@photoclubibmca.fr\">president@photoclubibmca.fr<\/a><\/div>\n<div style=\"text-align: justify;\">&nbsp;<\/div>\n<div style=\"text-align: justify;\"><strong><br \/>\nH\u00e9bergement:<\/strong><\/div>\n<div style=\"text-align: justify;\"><strong><br \/>\n<\/strong>Ce site est h\u00e9berg\u00e9 par&nbsp;SAS OVH &#8211; <a href=\"https:\/\/www.ovh.com\">https:\/\/www.ovh.com<\/a> &#8211; 2 rue Kellermann &#8211; BP 80157 &#8211; 59100 Roubaix &#8211;&nbsp;Tel&nbsp;&nbsp; : 08 203 203 63 disponible du lundi au vendredi de 8h \u00e0 20h et le samedi de 9h \u00e0 17h<br \/>\nn\u00b0 indigo (0.118 \/min). Par email : <a href=\"mailto:support@ovh.com\">support@ovh.com<\/a><br \/>\n<strong><br \/>\nDroits de reproduction :<\/strong><\/div>\n<div style=\"text-align: justify;\">Ce site rel\u00e8ve de la l\u00e9gislation fran\u00e7aise sur le droit d&rsquo;auteur et la propri\u00e9t\u00e9 intellectuelle en ce qui concerne son contenu. La reproduction de tout ou partie du contenu de ce site sur support \u00e9lectronique ou support papier (y compris les documents t\u00e9l\u00e9chargeables) est formellement interdite sauf autorisation expresse provenant du directeur de la publication susnomm\u00e9. L&rsquo;usage des documents et articles propos\u00e9s doit rester priv\u00e9 et en relation directe avec les activit\u00e9s de l&rsquo;association.<br \/>\n<strong><br \/>\nLiens externes : <\/strong><\/div>\n<div style=\"text-align: justify;\">L&rsquo;association ne saurait \u00eatre engag\u00e9e sur les contenus des sites externes dont les liens sont pr\u00e9sents dans le contenu du site. La finalit\u00e9 des liens externes est de compl\u00e9ter la teneur des articles du site et d&rsquo;\u00e9viter des copies d&rsquo;informations en liant le site de l&rsquo;association aux sites sources des donn\u00e9es. Si vous constatez la pr\u00e9sence d&rsquo;un lien qui vous para\u00eet d\u00e9plac\u00e9, choquant ou pas en rapport direct avec les activit\u00e9s de l&rsquo;association, merci de nous le faire savoir par les moyens de contact indiqu\u00e9s ci-dessous, nous v\u00e9rifierons et au besoin supprimerons dans les meilleurs d\u00e9lais tout article litigieux.<br \/>\n<strong><br \/>\nMise \u00e0 jour :<\/strong><\/div>\n<div style=\"text-align: justify;\">La mise \u00e0 jour du site est r\u00e9alis\u00e9e r\u00e9guli\u00e8rement&nbsp;par les membres de l&rsquo;association. Les documents et articles sont revus par le directeur de la publication avant mise en ligne sur le site. Le&nbsp;contenu du site Internet peut toutefois comporter des inexactitudes ou omissions, il sera mis \u00e0 jour dans les plus brefs&nbsp;d\u00e9lais en cas d&rsquo;anomalie constat\u00e9e ou signal\u00e9e. Si vous constatez un lien erron\u00e9 ou manquant, une omission ou une erreur, vous pouvez le faire savoir aupr\u00e8s des membres de l&rsquo;association&nbsp;par courriel, t\u00e9l\u00e9phone, fax, ou par voie postale, les coordonn\u00e9es de contact sont rappel\u00e9es ci-dessous. <strong>&nbsp;<\/strong><br \/>\n<strong><br \/>\nDonn\u00e9es personnelles :<\/strong><\/div>\n<div style=\"text-align: justify;\">Les informations \u00e9ventuelles recueillies et utilis\u00e9es sur le site le sont uniquement sur la base de la d\u00e9claration volontaire des adh\u00e9rents de l&rsquo;association lors de leur inscription. Pour les adh\u00e9rents, les informations obligatoires pour la gestion du site sont indiqu\u00e9es par une mention obligatoire explicite (texte ou signe d&rsquo;indication), elles se limitent en g\u00e9n\u00e9ral aux nom, pr\u00e9nom, adresse postale et mail, t\u00e9l\u00e9phone. D&rsquo;autres informations telles que des cookies peuvent \u00eatre plac\u00e9es sur votre ordinateur afin de faciliter votre navigation sur le site, les cookies peuvent \u00eatre d\u00e9sactiv\u00e9s sur votre ordinateur (pour cela, consulter l&rsquo;aide ou notice d&rsquo;utilisation de votre navigateur). Enfin, nous pouvons \u00eatre amen\u00e9s \u00e0 collecter des adresses IP &#8211; adresse de votre ordinateur sur le r\u00e9seau internet &#8211; dans le cadre de la lutte contre l&rsquo;utilisation abusive des sites et adresses (spam, tentative d&rsquo;intrusion).<br \/>\nCes donn\u00e9es sont collect\u00e9es&nbsp;\u00e0 des fins de gestion interne \u00e0&nbsp;l&rsquo;association (gestion des adh\u00e9sions) et d\u2019utilisation statistiques (connexion et fr\u00e9quentation du site). Les adresses mails collect\u00e9es nous permettent de vous adresser des communications, ce uniquement dans le cadre des activit\u00e9s de l&rsquo;association, par exemple newsletter ou communications de type actualit\u00e9s. Nous nous engageons \u00e0 ne pas les communiquer ni&nbsp;les c\u00e9der \u00e0 des tiers.&nbsp;Nous ne publions en aucun cas&nbsp;les&nbsp;donn\u00e9es personnelles des adh\u00e9rents sur la partie publique &#8211; internet &#8211; du site.<br \/>\nSont \u00e9galement consid\u00e9r\u00e9es comme donn\u00e9es personnelles les photos, \u00e9ventuellement&nbsp;vid\u00e9os prises dans le strict cadre des activit\u00e9s de l&rsquo;association, lors des&nbsp;manifestations et sorties auxquelles l&rsquo;association prend part ou qu&rsquo;elle organise. Ces prises de vues peuvent \u00eatre publi\u00e9es sur le site ou au travers de liens sur des sites externes (notamment galeries en ligne), les personnes photographi\u00e9es et\/ou film\u00e9es, propri\u00e9taires des droits d&rsquo;utilisation des m\u00e9dias publi\u00e9s peuvent intervenir \u00e0 tout moment pour stopper ou limiter la prise de vue ou la publication des m\u00e9dias (voir Droit d&rsquo;acc\u00e8s et de rectification).<br \/>\n<strong><br \/>\nDroit d&rsquo;acc\u00e8s et de rectification :<\/strong><\/div>\n<div style=\"text-align: justify;\">Les informations nominatives peuvent faire l&rsquo;objet d&rsquo;un traitement automatis\u00e9. Conform\u00e9ment \u00e0 la loi n\u00b0 78-17 du 6 janvier 1978, vous b\u00e9n\u00e9ficiez d&rsquo;un droit d&rsquo;acc\u00e8s \u00e0 ces informations et, le cas \u00e9ch\u00e9ant, du droit de rectification ou d&rsquo;opposition \u00e0 leur conservation ou publication. Ce droit est \u00e9tendu aux m\u00e9dias (photos et vid\u00e9os) \u00e9ventuellement publi\u00e9s sur le site ainsi qu&rsquo;aux listes de distribution des communications par mail pour lesquelles vous pouvez d\u00e9cider de vous d\u00e9sabonner. Si vous souhaitez exercer ce droit, merci de bien vouloir nous pr\u00e9ciser quelle(s) donn\u00e9e(s) vous souhaitez supprimer et nous contacter :<br \/>\nPar courrier \u00e9lectronique (mail)&nbsp;: &nbsp; <a href=\"mailto:webmaster@photoclubibmca.fr\">webmaster@photoclubibmca.fr<\/a><br \/>\nou<\/div>\n<p style=\"text-align: justify;\">Par courrier postal \u00e0 :<br \/>\n<strong>Photo Club IBM C\u00f4te d&rsquo;Azur<\/strong><br \/>\n<strong><span class=\"tribe-street-address\">36 avenue Simone Veil<\/span><\/strong><br \/>\n<strong>06200 NICE<\/strong><\/p>\n","protected":false},"excerpt":{"rendered":"<p>Ce site vous est propos\u00e9 par le Photo Club IBM C\u00f4te d&rsquo;Azur R\u00e9alisation technique du site : Pascal Thirion \u00e0 partir du logiciel libre WORDPRESS contact : webmaster@photoclubibmca.fr Directeur de&nbsp;publication&#8230; <a href=\"https:\/\/photoclubibmca.fr\/WP\/mentions-legales\/\">Read more &raquo;<\/a><\/p>\n","protected":false},"author":79,"featured_media":0,"parent":0,"menu_order":40,"comment_status":"closed","ping_status":"closed","template":"","meta":{"ngg_post_thumbnail":0,"footnotes":""},"class_list":["post-51","page","type-page","status-publish","hentry"],"_links":{"self":[{"href":"https:\/\/photoclubibmca.fr\/WP\/wp-json\/wp\/v2\/pages\/51","targetHints":{"allow":["GET"]}}],"collection":[{"href":"https:\/\/photoclubibmca.fr\/WP\/wp-json\/wp\/v2\/pages"}],"about":[{"href":"https:\/\/photoclubibmca.fr\/WP\/wp-json\/wp\/v2\/types\/page"}],"author":[{"embeddable":true,"href":"https:\/\/photoclubibmca.fr\/WP\/wp-json\/wp\/v2\/users\/79"}],"replies":[{"embeddable":true,"href":"https:\/\/photoclubibmca.fr\/WP\/wp-json\/wp\/v2\/comments?post=51"}],"version-history":[{"count":1,"href":"https:\/\/photoclubibmca.fr\/WP\/wp-json\/wp\/v2\/pages\/51\/revisions"}],"predecessor-version":[{"id":16807,"href":"https:\/\/photoclubibmca.fr\/WP\/wp-json\/wp\/v2\/pages\/51\/revisions\/16807"}],"wp:attachment":[{"href":"https:\/\/photoclubibmca.fr\/WP\/wp-json\/wp\/v2\/media?parent=51"}],"curies":[{"name":"wp","href":"https:\/\/api.w.org\/{rel}","templated":true}]}}

Mentions légales

<div style="text-align: center;">
<p style="text-align: justify;"><strong>Ce site vous est proposé par </strong><strong>le Photo Club IBM Côte d&rsquo;Azur</strong></p>
<p style="text-align: justify;"><strong>Réalisation technique du site :<br />
</strong>Pascal Thirion à partir du logiciel libre WORDPRESS<br />
contact : <a href="mailto:webmaster@photoclubibmca.fr">webmaster@photoclubibmca.fr</a></p>
</div>
<div style="text-align: justify;"><strong>Directeur de&nbsp;publication :</strong></div>
<div style="text-align: justify;"><strong><br />
</strong>Nicolas Foyé<br />
contact : <a href="mailto:president@photoclubibmca.fr">president@photoclubibmca.fr</a></div>
<div style="text-align: justify;">&nbsp;</div>
<div style="text-align: justify;"><strong><br />
Hébergement:</strong></div>
<div style="text-align: justify;"><strong><br />
</strong>Ce site est hébergé par&nbsp;SAS OVH &#8211; <a href="https://www.ovh.com">https://www.ovh.com</a> &#8211; 2 rue Kellermann &#8211; BP 80157 &#8211; 59100 Roubaix &#8211;&nbsp;Tel&nbsp;&nbsp; : 08 203 203 63 disponible du lundi au vendredi de 8h à 20h et le samedi de 9h à 17h<br />
n° indigo (0.118 /min). Par email : <a href="mailto:support@ovh.com">support@ovh.com</a><br />
<strong><br />
Droits de reproduction :</strong></div>
<div style="text-align: justify;">Ce site relève de la législation française sur le droit d&rsquo;auteur et la propriété intellectuelle en ce qui concerne son contenu. La reproduction de tout ou partie du contenu de ce site sur support électronique ou support papier (y compris les documents téléchargeables) est formellement interdite sauf autorisation expresse provenant du directeur de la publication susnommé. L&rsquo;usage des documents et articles proposés doit rester privé et en relation directe avec les activités de l&rsquo;association.<br />
<strong><br />
Liens externes : </strong></div>
<div style="text-align: justify;">L&rsquo;association ne saurait être engagée sur les contenus des sites externes dont les liens sont présents dans le contenu du site. La finalité des liens externes est de compléter la teneur des articles du site et d&rsquo;éviter des copies d&rsquo;informations en liant le site de l&rsquo;association aux sites sources des données. Si vous constatez la présence d&rsquo;un lien qui vous paraît déplacé, choquant ou pas en rapport direct avec les activités de l&rsquo;association, merci de nous le faire savoir par les moyens de contact indiqués ci-dessous, nous vérifierons et au besoin supprimerons dans les meilleurs délais tout article litigieux.<br />
<strong><br />
Mise à jour :</strong></div>
<div style="text-align: justify;">La mise à jour du site est réalisée régulièrement&nbsp;par les membres de l&rsquo;association. Les documents et articles sont revus par le directeur de la publication avant mise en ligne sur le site. Le&nbsp;contenu du site Internet peut toutefois comporter des inexactitudes ou omissions, il sera mis à jour dans les plus brefs&nbsp;délais en cas d&rsquo;anomalie constatée ou signalée. Si vous constatez un lien erroné ou manquant, une omission ou une erreur, vous pouvez le faire savoir auprès des membres de l&rsquo;association&nbsp;par courriel, téléphone, fax, ou par voie postale, les coordonnées de contact sont rappelées ci-dessous. <strong>&nbsp;</strong><br />
<strong><br />
Données personnelles :</strong></div>
<div style="text-align: justify;">Les informations éventuelles recueillies et utilisées sur le site le sont uniquement sur la base de la déclaration volontaire des adhérents de l&rsquo;association lors de leur inscription. Pour les adhérents, les informations obligatoires pour la gestion du site sont indiquées par une mention obligatoire explicite (texte ou signe d&rsquo;indication), elles se limitent en général aux nom, prénom, adresse postale et mail, téléphone. D&rsquo;autres informations telles que des cookies peuvent être placées sur votre ordinateur afin de faciliter votre navigation sur le site, les cookies peuvent être désactivés sur votre ordinateur (pour cela, consulter l&rsquo;aide ou notice d&rsquo;utilisation de votre navigateur). Enfin, nous pouvons être amenés à collecter des adresses IP &#8211; adresse de votre ordinateur sur le réseau internet &#8211; dans le cadre de la lutte contre l&rsquo;utilisation abusive des sites et adresses (spam, tentative d&rsquo;intrusion).<br />
Ces données sont collectées&nbsp;à des fins de gestion interne à&nbsp;l&rsquo;association (gestion des adhésions) et d’utilisation statistiques (connexion et fréquentation du site). Les adresses mails collectées nous permettent de vous adresser des communications, ce uniquement dans le cadre des activités de l&rsquo;association, par exemple newsletter ou communications de type actualités. Nous nous engageons à ne pas les communiquer ni&nbsp;les céder à des tiers.&nbsp;Nous ne publions en aucun cas&nbsp;les&nbsp;données personnelles des adhérents sur la partie publique &#8211; internet &#8211; du site.<br />
Sont également considérées comme données personnelles les photos, éventuellement&nbsp;vidéos prises dans le strict cadre des activités de l&rsquo;association, lors des&nbsp;manifestations et sorties auxquelles l&rsquo;association prend part ou qu&rsquo;elle organise. Ces prises de vues peuvent être publiées sur le site ou au travers de liens sur des sites externes (notamment galeries en ligne), les personnes photographiées et/ou filmées, propriétaires des droits d&rsquo;utilisation des médias publiés peuvent intervenir à tout moment pour stopper ou limiter la prise de vue ou la publication des médias (voir Droit d&rsquo;accès et de rectification).<br />
<strong><br />
Droit d&rsquo;accès et de rectification :</strong></div>
<div style="text-align: justify;">Les informations nominatives peuvent faire l&rsquo;objet d&rsquo;un traitement automatisé. Conformément à la loi n° 78-17 du 6 janvier 1978, vous bénéficiez d&rsquo;un droit d&rsquo;accès à ces informations et, le cas échéant, du droit de rectification ou d&rsquo;opposition à leur conservation ou publication. Ce droit est étendu aux médias (photos et vidéos) éventuellement publiés sur le site ainsi qu&rsquo;aux listes de distribution des communications par mail pour lesquelles vous pouvez décider de vous désabonner. Si vous souhaitez exercer ce droit, merci de bien vouloir nous préciser quelle(s) donnée(s) vous souhaitez supprimer et nous contacter :<br />
Par courrier électronique (mail)&nbsp;: &nbsp; <a href="mailto:webmaster@photoclubibmca.fr">webmaster@photoclubibmca.fr</a><br />
ou</div>
<p style="text-align: justify;">Par courrier postal à :<br />
<strong>Photo Club IBM Côte d&rsquo;Azur</strong><br />
<strong><span class="tribe-street-address">36 avenue Simone Veil</span></strong><br />
<strong>06200 NICE</strong></p>

<p>Ce site vous est proposé par le Photo Club IBM Côte d&rsquo;Azur Réalisation technique du site : Pascal Thirion à partir du logiciel libre WORDPRESS contact : webmaster@photoclubibmca.fr Directeur de&nbsp;publication&#8230; <a href="https://photoclubibmca.fr/WP/mentions-legales/">Read more &raquo;</a></p>
